8 divide (-242)/(-5) - 2/v?
False
Let x(g) be the second derivative of g**5/10 - g**4/6 + g**3/2 - 3*g**2/2 + 6*g. Is x(2) a multiple of 3?
False
Is (5 - (-4 - -4))*17 a multiple of 26?
False
Let m = 31 - 13. Let d = m + -60. Is 12 a factor of (-516)/d + 2/(-7)?
True
Suppose 0 = -5*j + 2*a + 3, -3*a - 6 - 2 = -4*j. Let m be 3/(-3) + j + 2. Suppose -4*c + 2*x + 88 = m, x + 30 = 5*c - 77. Does 7 divide c?
True
Let h be (6/(-2))/((-3)/5). Let z = h - 5. Let x(r) = -r**3 + 8. Does 4 divide x(z)?
True
Suppose -132 = 2*v - 4*v. Does 11 divide v?
True
Let w = 37 - 17. Suppose 5*v + w = -50. Let r = v + 24. Is 6 a factor of r?
False
Is 1*2*(-9)/36*-128 a multiple of 16?
True
Suppose 4*h - 2*h = 4. Suppose -2*y + 5*w + 48 = h*y, w - 31 = -5*y. Is y a multiple of 5?
False
Let n(u) = -u**3 - 5*u**2 + 7*u + 8. Let l be n(-6). Suppose 5*g + 3*j - l*j = 69, 5*j - 85 = -5*g. Does 13 divide g?
True
Let w be 3*-2 + -2 + 1. Let o be 2/w + (-46)/(-14). Suppose -x - 3*x = -4*q - 36, o*x + 3*q - 51 = 0. Does 5 divide x?
False
Is 9 a factor of 10*(-1 + 2) + -1?
True
Let h(a) be the second derivative of -5/2*a**2 + 1/20*a**5 - 2/3*a**4 + 0 + 1/2*a**3 + a. Is h(8) a multiple of 8?
False
Suppose -600 = -d - 2*d. Is 20 a factor of d?
True
Suppose -m - 4 = -68. Is 21 a factor of (-1 + m)*(-24)/(-36)?
True
Let l be 37/4 + (-3)/12. Does 11 divide -3*(-1 + (-39)/l)?
False
Let c = -167 + 194. Is c a multiple of 3?
True
Does 6 divide (22/(-4))/((1 - 7)/36)?
False
Suppose -4*s = -3*k - 543 - 183, 0 = -k - 2. Does 30 divide s?
True
Let a = 3 + -3. Suppose -68 = -2*r - 4*c, 4*r + 5*c - 46 - 81 = a. Suppose 0 = l + l - r. Is 5 a factor of l?
False
Let q(b) = 2*b**3 - b**2 - 2*b - 2. Let r be q(3). Suppose -3*m + 14 + r = 0. Suppose -g = -5*z + m, 4*z - 2*g = z + 13. Is z even?
False
Suppose 0 = -k - 5*n - 30, -5*k - n + 12 = -6*k. Let j = -6 - k. Does 7 divide j?
False
Let l(c) = -5*c + 3. Let x be l(-4). Suppose -k = -1, -k - 3*k = 3*i + x. Is (-97)/i + (-6)/(-27) a multiple of 3?
False
Let v(t) = -4*t - 1. Let p be v(-7). Let i be ((-30)/(-8))/(p/(-72)). Is 5 a factor of (i/10)/(1/(-5))?
True
Is 9 a factor of -6*((-3 - (-3 - -2)) + -1)?
True
Let o = 91 - 32. Is o a multiple of 9?
False
Let s = 33 + 5. Is 17 a factor of s?
False
Let n be 28/6 - (-16)/(-24). Suppose -112 = -n*b + 36. Is b a multiple of 22?
False
Let w = 1 + -2. Let a = 34 - w. Is 19 a factor of a?
False
Let f(g) = 27*g**3 + 2*g**2 - 1. Let y be f(-1). Let k(u) = -6*u**2 + 5*u - 5. Let p be k(3). Let m = y - p. Is 9 a factor of m?
True
Let c(l) = 4*l + 29. Is c(15) a multiple of 10?
False
Let t be -3 - (-8 - (-3)/(-1)). Does 8 divide t/(-6)*(-9 - -3)?
True
Let z(u) = u**2 + 2*u - 1. Let b be z(-3). Let j(d) = -7*d + 4. Let g(y) = 7*y - 5. Let a(r) = -3*g(r) - 4*j(r). Does 7 divide a(b)?
False
Let d(t) = 10*t + 4. Let y be d(5). Suppose y = 5*z - 2*z. Does 13 divide z?
False
Let k = -6 - -6. Suppose 5*m - 4*d - 72 = -0*d, 5*m + d - 57 = k. Is 12 a factor of m?
True
Suppose -5*u + 20 = 3*n, 5*n = u - 0 - 4. Let q(w) = -w**2 - 7*w + 5. Let p be q(-7). Suppose 2*c + i - 5*i = 8, -p*i - 22 = -u*c. Does 5 divide c?
False
Suppose -7*l = -l - 270. Does 15 divide l?
True
Let t be 26/10 + 3/(-5). Let o be 1/(t/4) + -10. Let s = 20 - o. Does 14 divide s?
True
Suppose -s + 6 = -d, -4*d = 2*s - 3 - 3. Let z(u) = -6 - 2*u - u**3 + 2*u + u - s*u**2. Does 12 divide z(-6)?
True
Let l = 12 - 4. Is 2 a factor of l?
True
Suppose -y = 2*c - 184, 3*y - 367 - 189 = -2*c. Is y a multiple of 31?
True
Suppose -3*l = -l - 6. Suppose 222 = l*t - 15. Does 10 divide 2/8 + t/4?
True
Let d(p) = p + 2. Let g be d(5). Suppose 0 = -3*m + g + 5. Does 2 divide m?
True
Let r = 15 + -6. Suppose -7*k = 3*w - 2*k - r, 0 = -3*k - 9. Does 4 divide w?
True
Let w = -54 - -159. Is 36 a factor of w?
False
Suppose 39 = 3*n + 3*o, 2*o = n - 0*n - 28. Suppose 3*r - n = -b, b - 4*r - 27 = -2. Does 8 divide b?
False
Suppose r - 1 - 3 = 0. Suppose 0 = r*q - 4*f - 40, -4*q + 43 = 3*f - 8*f. Is 4 a factor of q?
False
Let u(a) be the first derivative of 15*a**2/2 + 4*a - 2. Let n be u(4). Suppose 8*m - n = 4*m. Does 8 divide m?
True
Let p(b) = 2*b**2 + 7*b - 2. Is 12 a factor of p(-5)?
False
Let m be 7/(-1)*1/(-1). Let k(s) = -2*s**2 - 4*s + 2*s**2 - 8 + s**2. Does 13 divide k(m)?
True
Suppose -5*p = -8 - 2. Suppose p*t - 149 = -5*q, -5*t - q + 280 + 104 = 0. Is t a multiple of 17?
False
Let d(b) = 5*b**2 + 2*b + 1. Does 11 divide d(2)?
False
Let p(j) be the third derivative of 7*j**5/120 - j**3/2 + j**2. Let m(l) be the first derivative of p(l). Is 7 a factor of m(2)?
True
Let u(r) = 1 + 6*r - 4 - 4 + 5. Does 14 divide u(5)?
True
Let g = 67 + -58. Is g a multiple of 4?
False
Let u = 193 + -109. Suppose -5*p + p + u = 0. Let r = p - 7. Is 14 a factor of r?
True
Let z(h) = -h**3 - 5*h**2 - 4*h - 2. Does 3 divide z(-5)?
True
Let z(n) be the second derivative of -8*n**3/3 - 3*n**2/2 - 3*n. Is z(-2) a multiple of 12?
False
Suppose g - 84 = -3*g. Is 21 a factor of g?
True
Is 12/78 - (-1426)/26 a multiple of 7?
False
Suppose 2*m - 3 - 35 = 0. Does 14 divide m?
False
Is (9/(-3))/(10/(-420)) a multiple of 14?
True
Suppose 13*a - 1168 - 28 = 0. Does 27 divide a?
False
Is (5 + 1)*(-156)/(-18) a multiple of 10?
False
Suppose -d + 0*d = 22. Let v = -24 + 14. Let a = v - d. Is a a multiple of 11?
False
Suppose -2*c + 1 = 3*q, 0 = 6*q - q + 15. Suppose c*n = 5*o - 330, -354 + 87 = -4*o + 5*n. Suppose o = 4*j - 17. Is j a multiple of 20?
True
Let b = -3 + 35. Let c = 62 - b. Suppose -3*s + c = -0*s. Is s a multiple of 4?
False
Does 17 divide (-4 - -5 - -65) + 2?
True
Suppose 14 = 2*p + 6. Suppose -p*d + 45 = -d. Is d a multiple of 10?
False
Let v(w) = w**3 + w. Let d be v(1). Let k = -8 - -6. Does 3 divide (4 - d - -6) + k?
True
Let i(w) = 4*w**2 - w. Let c be i(1). Let p(f) = -f**2 - 2*f + 5. Let q be p(4). Let x = c - q. Is 11 a factor of x?
True
Suppose 5*v + 5*m = 200, 5*v + 4*m - 62 = 134. Does 9 divide v?
True
Suppose 89 + 55 = 4*w. Does 4 divide w?
True
Let r be -6*3/(-6) + -3. Suppose 0 = 2*z - 5*p + 9, -23 = -z - r*z - 3*p. Is z a multiple of 8?
True
Let v = 24 - 16. Suppose v - 253 = -3*f - 4*g, 3*f = -3*g + 246. Is f a multiple of 17?
False
Let z = 202 + -24. Does 15 divide z?
False
Suppose 7*w - 3*w - 16 = 0. Let v(a) = a**3 - a**2 - 6*a + 2. Is v(w) a multiple of 13?
True
Suppose -5*x = -q + 5*q - 225, q + 2*x = 57. Is q a multiple of 7?
False
Let c(u) be the second derivative of u**6/120 + 7*u**5/60 + u**4/6 - 4*u**3/3 + u**2 - u. Let f(w) be the first derivative of c(w). Is f(-6) a multiple of 3?
False
Let q be ((-3)/(-3) + -2)*0. Let s be (-2 + (-3)/(-2))*q. Suppose 3*n + 12 = s, -3*w = -2*w + 3*n. Is 9 a factor of w?
False
Let w(t) = 2*t - 4. Let k be w(4). Suppose -k*o = o - 5. Does 2 divide (8/6)/(o/3)?
True
Suppose 0*q - q = -559. Let n = -334 + q. Is 3/(-4) + n/12 a multiple of 9?
True
Suppose -2 = -5*m + 18. Let i = 4 - m. Suppose -2*a + i*a = -44. Does 11 divide a?
True
Suppose -3*n - 1 = 2, 0 = -5*k + 5*n + 1420. Suppose 4*w + 308 = 3*s, -4*s - 2*w + 91 + k = 0. Does 14 divide s?
False
Let d be (-256)/6 - (-2)/3. Let f be (-2 + -2)*(-63)/4. Let j = f + d. Does 12 divide j?
False
Suppose 2*u = -4*b + 22, -b - 2*b + 4*u - 11 = 0. Suppose -5*g + 4*o = -980, 3*o - 5*o + 610 = 3*g. Is 2/b + g/6 a multiple of 17?
True
Let f(d) = -2*d**2 - 20*d - 19. Does 9 divide f(-8)?
False
Let k be (-3 - 0)/((-4)/(-20)). Let f be 0/(0/2 - -2). Is (f - k) + -3 + 3 a multiple of 15?
True
Suppose 3*l - 100 = 11. Let k = l + 5. Is k a multiple of 17?
False
Let c = 74 + -107. Let b = c + 47. Is b a multiple of 14?
True
Suppose 0 = j - q - 101, -5*j + 0*q - 3*q = -497. Does 20 divide j?
True
Let q be 1 + 2*19*1. Let v = -18 + 76. Let f = v - q. Is 9 a factor of f?
False
Let r = 59 + 53. Suppose -r = 5*u + 4*z, -3*u - 2*z - 70 = -z. Is (-1)/(1 - u/(-21)) a multiple of 3?
False
Suppose 0 = -0*i + 4*i - 160. Is 11 a factor of i?
False
Let m(l) = -l**3 - 4*l**2 + 5*l - 4. Let o be m(-5). Let r be 31 + (-1 - -1)/(-1). Is 11 a factor of r + (o - -1*2)?
False
Let n(y) be the second derivative of -y**4/12 - y**3/3 + y**2/2 - y. Let m be n(-2). Suppose -m = -c + 23. Does 9 divide c?
False
Is 8 a factor of (-5740)/(-105) + 2/3*-1?
False
Let i = 0 - 2. Is 43 - i*(-9)/6 a multiple of 7?
Fals